{"id":1031,"date":"2024-01-16T17:21:45","date_gmt":"2024-01-16T16:21:45","guid":{"rendered":"https:\/\/villerslesec70.fr\/?page_id=1031"},"modified":"2024-12-22T18:13:22","modified_gmt":"2024-12-22T17:13:22","slug":"decouvrir-villers-le-sec","status":"publish","type":"page","link":"https:\/\/villerslesec70.fr\/index.php\/decouvrir-villers-le-sec\/","title":{"rendered":"D\u00e9couvrir Villers le Sec et ses alentours"},"content":{"rendered":"\t\t<div data-elementor-type=\"wp-page\" data-elementor-id=\"1031\" class=\"elementor elementor-1031\">\n\t\t\t\t<div class=\"elementor-element elementor-element-2a0ebd33 e-con-full e-flex e-con e-parent\" data-id=\"2a0ebd33\" data-element_type=\"container\" data-e-type=\"container\" data-settings=\"{&quot;background_background&quot;:&quot;classic&quot;}\">\n\t\t\t\t<div class=\"elementor-element elementor-element-2cc78f7f elementor-widget__width-initial elementor-widget elementor-widget-heading\" data-id=\"2cc78f7f\" data-element_type=\"widget\" data-e-type=\"widget\" data-widget_type=\"heading.default\">\n\t\t\t\t<div class=\"elementor-widget-container\">\n\t\t\t\t\t<h1 class=\"elementor-heading-title elementor-size-default\">D\u00e9couvrir Villers le Sec <\/h1>\t\t\t\t<\/div>\n\t\t\t\t<\/div>\n\t\t\t\t<\/div>\n\t\t<div class=\"elementor-element elementor-element-d377b06 e-con-full e-flex e-con e-parent\" data-id=\"d377b06\" data-element_type=\"container\" data-e-type=\"container\">\n\t\t<div class=\"elementor-element elementor-element-268e868 e-con-full e-flex e-con e-child\" data-id=\"268e868\" data-element_type=\"container\" data-e-type=\"container\">\n\t\t\t\t<div class=\"elementor-element elementor-element-bd1e1f1 elementor-widget elementor-widget-heading\" data-id=\"bd1e1f1\" data-element_type=\"widget\" data-e-type=\"widget\" data-widget_type=\"heading.default\">\n\t\t\t\t<div class=\"elementor-widget-container\">\n\t\t\t\t\t<h2 class=\"elementor-heading-title elementor-size-default\">Situation g\u00e9ographique et d\u00e9mographique<\/h2>\t\t\t\t<\/div>\n\t\t\t\t<\/div>\n\t\t\t\t<div class=\"elementor-element elementor-element-d943a80 elementor-widget elementor-widget-text-editor\" data-id=\"d943a80\" data-element_type=\"widget\" data-e-type=\"widget\" data-widget_type=\"text-editor.default\">\n\t\t\t\t<div class=\"elementor-widget-container\">\n\t\t\t\t\t\t\t\t\t<p>Code postal : 70 000<\/p><p>Nombre d&rsquo;habitants : 530 habitants<\/p><p>Superficie : 1110 ha<\/p><p>Altitude : 297 m\u00e8tres<\/p>\t\t\t\t\t\t\t\t<\/div>\n\t\t\t\t<\/div>\n\t\t\t\t<\/div>\n\t\t<div class=\"elementor-element elementor-element-7457a50 e-con-full e-flex e-con e-child\" data-id=\"7457a50\" data-element_type=\"container\" data-e-type=\"container\">\n\t\t\t\t<div class=\"elementor-element elementor-element-add4973 elementor-widget elementor-widget-heading\" data-id=\"add4973\" data-element_type=\"widget\" data-e-type=\"widget\" data-widget_type=\"heading.default\">\n\t\t\t\t<div class=\"elementor-widget-container\">\n\t\t\t\t\t<h2 class=\"elementor-heading-title elementor-size-default\">Patrimoine <\/h2>\t\t\t\t<\/div>\n\t\t\t\t<\/div>\n\t\t\t\t<div class=\"elementor-element elementor-element-feb7d83 elementor-widget elementor-widget-text-editor\" data-id=\"feb7d83\" data-element_type=\"widget\" data-e-type=\"widget\" data-widget_type=\"text-editor.default\">\n\t\t\t\t<div class=\"elementor-widget-container\">\n\t\t\t\t\t\t\t\t\t<p>Au hameau de Saint-Igny se trouve l&rsquo;un des sites les plus exceptionnels de l&rsquo;architecture romane.\u00a0<\/p><p><span style=\"background-color: transparent;\">Parfaitement conserv\u00e9e, une chapelle faisait corps \u00e0 l&rsquo;origine avec un \u00ab\u00a0hospitium\u00a0\u00bb qui accueillait les visiteurs de passage.<\/span><\/p><p>Cette chapelle fut r\u00e9nov\u00e9e en 1891 et class\u00e9e Monument Historique en 1979. Elle abrite deux statues en bois polychrome du XVI\u00e8me si\u00e8cle et une Vierge \u00e0 l&rsquo;enfant du XV\u00e8me.<\/p>\t\t\t\t\t\t\t\t<\/div>\n\t\t\t\t<\/div>\n\t\t\t\t<\/div>\n\t\t<div class=\"elementor-element elementor-element-16cb4c8 e-con-full e-flex e-con e-child\" data-id=\"16cb4c8\" data-element_type=\"container\" data-e-type=\"container\">\n\t\t\t\t<div class=\"elementor-element elementor-element-25bdb0c elementor-widget elementor-widget-heading\" data-id=\"25bdb0c\" data-element_type=\"widget\" data-e-type=\"widget\" data-widget_type=\"heading.default\">\n\t\t\t\t<div class=\"elementor-widget-container\">\n\t\t\t\t\t<h2 class=\"elementor-heading-title elementor-size-default\">Tourisme <\/h2>\t\t\t\t<\/div>\n\t\t\t\t<\/div>\n\t\t\t\t<div class=\"elementor-element elementor-element-6c50a92 elementor-widget elementor-widget-text-editor\" data-id=\"6c50a92\" data-element_type=\"widget\" data-e-type=\"widget\" data-widget_type=\"text-editor.default\">\n\t\t\t\t<div class=\"elementor-widget-container\">\n\t\t\t\t\t\t\t\t\t<p>Chemin vert de Vesoul\/Montbozon\/Lure.\u00a0<\/p><p>Il emprunte le territoire de la commune sur 5 km environ.<\/p><p>Des associations proposent en outre des activit\u00e9s de chasse, des randonn\u00e9es \u00e9questres, des courses \u00e0 pied et \u00e0 VTT, et du moto-cross&#8230;<\/p>\t\t\t\t\t\t\t\t<\/div>\n\t\t\t\t<\/div>\n\t\t\t\t<\/div>\n\t\t\t\t<\/div>\n\t\t<div class=\"elementor-element elementor-element-29d581e e-con-full e-flex e-con e-parent\" data-id=\"29d581e\" data-element_type=\"container\" data-e-type=\"container\">\n\t\t<div class=\"elementor-element elementor-element-aea94b2 e-con-full e-flex e-con e-child\" data-id=\"aea94b2\" data-element_type=\"container\" data-e-type=\"container\">\n\t\t\t\t<div class=\"elementor-element elementor-element-2cd7392 elementor-widget elementor-widget-heading\" data-id=\"2cd7392\" data-element_type=\"widget\" data-e-type=\"widget\" data-widget_type=\"heading.default\">\n\t\t\t\t<div class=\"elementor-widget-container\">\n\t\t\t\t\t<h2 class=\"elementor-heading-title elementor-size-default\">Industries <\/h2>\t\t\t\t<\/div>\n\t\t\t\t<\/div>\n\t\t\t\t<div class=\"elementor-element elementor-element-0a6212e elementor-widget elementor-widget-text-editor\" data-id=\"0a6212e\" data-element_type=\"widget\" data-e-type=\"widget\" data-widget_type=\"text-editor.default\">\n\t\t\t\t<div class=\"elementor-widget-container\">\n\t\t\t\t\t\t\t\t\t<p>Villers le Sec s&rsquo;est beaucoup industrialis\u00e9 ses derni\u00e8res ann\u00e9es.<\/p><p>La plus ancienne entreprise du village est celle de la famille Moine, qui poss\u00e8de encore une forge, et s&rsquo;occupe aujourd&rsquo;hui de motoculture tout en g\u00e9rant un d\u00e9bit de boisson.<\/p><p>On peut aussi citer un ferretier, un \u00e9levage de volailles, trois entreprises de transports routiers, et cinq exploitations agricoles.<\/p>\t\t\t\t\t\t\t\t<\/div>\n\t\t\t\t<\/div>\n\t\t\t\t<\/div>\n\t\t<div class=\"elementor-element elementor-element-d3a20a6 e-con-full e-flex e-con e-child\" data-id=\"d3a20a6\" data-element_type=\"container\" data-e-type=\"container\">\n\t\t\t\t<div class=\"elementor-element elementor-element-d8a6d4a elementor-widget elementor-widget-heading\" data-id=\"d8a6d4a\" data-element_type=\"widget\" data-e-type=\"widget\" data-widget_type=\"heading.default\">\n\t\t\t\t<div class=\"elementor-widget-container\">\n\t\t\t\t\t<h2 class=\"elementor-heading-title elementor-size-default\">Informations diverses<\/h2>\t\t\t\t<\/div>\n\t\t\t\t<\/div>\n\t\t\t\t<div class=\"elementor-element elementor-element-de056a0 elementor-widget elementor-widget-text-editor\" data-id=\"de056a0\" data-element_type=\"widget\" data-e-type=\"widget\" data-widget_type=\"text-editor.default\">\n\t\t\t\t<div class=\"elementor-widget-container\">\n\t\t\t\t\t\t\t\t\t<p>F\u00eate \u00ab\u00a0Villers Autrefois\u00a0\u00bb organis\u00e9e par l&rsquo;association les Amis du Jolis Bois<\/p>\n<p>Tous les ans, fin ao\u00fbt, l&rsquo;association \u00ab\u00a0Les amis du jolis bois\u00a0\u00bb propose une journ\u00e9e de distraction et de d\u00e9couverte avec des exposants, des produits locaux fabriqu\u00e9s sur place, un groupe folklorique.<\/p><p>&#8211; 11h : messe d&rsquo;autrefois<\/p><p>&#8211; 12h : d\u00e9jeuner sur place<\/p><p>&#8211; 14h : visite des exposants concernant la vie d&rsquo;antan<\/p><p>&#8211; 15h : d\u00e9fil\u00e9 de 150 personnes costum\u00e9s, machines anciennes, chevaux, voitures d&rsquo;autrefois et m\u00e9tiers d&rsquo;antan, fanfare<\/p><p>&#8211; 20h repas dansant.<\/p>\t\t\t\t\t\t\t\t<\/div>\n\t\t\t\t<\/div>\n\t\t\t\t<\/div>\n\t\t<div class=\"elementor-element elementor-element-ce5c52f e-con-full e-flex e-con e-child\" data-id=\"ce5c52f\" data-element_type=\"container\" data-e-type=\"container\">\n\t\t\t\t<div class=\"elementor-element elementor-element-954f1da elementor-widget elementor-widget-heading\" data-id=\"954f1da\" data-element_type=\"widget\" data-e-type=\"widget\" data-widget_type=\"heading.default\">\n\t\t\t\t<div class=\"elementor-widget-container\">\n\t\t\t\t\t<h2 class=\"elementor-heading-title elementor-size-default\">Coordonn\u00e9es<\/h2>\t\t\t\t<\/div>\n\t\t\t\t<\/div>\n\t\t\t\t<div class=\"elementor-element elementor-element-cd62a34 elementor-widget elementor-widget-text-editor\" data-id=\"cd62a34\" data-element_type=\"widget\" data-e-type=\"widget\" data-widget_type=\"text-editor.default\">\n\t\t\t\t<div class=\"elementor-widget-container\">\n\t\t\t\t\t\t\t\t\t<p>Adresse de la Mairie : 3 Rue des Ecoles,<br \/>70 000 Villers-le-Sec<\/p><p>T\u00e9l\u00e9phone :\u00a003.84.75.57.93<\/p><p>Email : mairie.villerslesec@orange.fr<\/p>\t\t\t\t\t\t\t\t<\/div>\n\t\t\t\t<\/div>\n\t\t\t\t<\/div>\n\t\t\t\t<\/div>\n\t\t<div class=\"elementor-element elementor-element-4569445 e-con-full e-flex e-con e-parent\" data-id=\"4569445\" data-element_type=\"container\" data-e-type=\"container\">\n\t\t\t\t<div class=\"elementor-element elementor-element-a3de498 elementor-widget elementor-widget-text-editor\" data-id=\"a3de498\" data-element_type=\"widget\" data-e-type=\"widget\" data-widget_type=\"text-editor.default\">\n\t\t\t\t<div class=\"elementor-widget-container\">\n\t\t\t\t\t\t\t\t\t<p>Tous droits r\u00e9serv\u00e9s &#8211; Robin Laromanie 2024 &#8211; <a href=\"https:\/\/villerslesec70.fr\/index.php\/mentions-legales\/\">Mentions l\u00e9gales<\/a> &#8211; <a href=\"https:\/\/villerslesec70.fr\/index.php\/politique-de-confidentialite-2\/\">Politique de confidentialit\u00e9<\/a>.<\/p>\t\t\t\t\t\t\t\t<\/div>\n\t\t\t\t<\/div>\n\t\t\t\t<\/div>\n\t\t\t\t<\/div>\n\t\t","protected":false},"excerpt":{"rendered":"<p>D\u00e9couvrir Villers le Sec Situation g\u00e9ographique et d\u00e9mographique Code postal : 70 000 Nombre d&rsquo;habitants : 530 habitants Superficie : 1110 ha Altitude : 297 m\u00e8tres Patrimoine Au hameau de Saint-Igny se trouve l&rsquo;un des sites les plus exceptionnels de l&rsquo;architecture romane.\u00a0 Parfaitement conserv\u00e9e, une chapelle faisait corps \u00e0 l&rsquo;origine avec un \u00ab\u00a0hospitium\u00a0\u00bb qui accueillait&#8230;<\/p>\n","protected":false},"author":1,"featured_media":0,"parent":0,"menu_order":0,"comment_status":"closed","ping_status":"closed","template":"","meta":{"_kadence_starter_templates_imported_post":false,"_kad_post_transparent":"","_kad_post_title":"hide","_kad_post_layout":"fullwidth","_kad_post_sidebar_id":"","_kad_post_content_style":"unboxed","_kad_post_vertical_padding":"hide","_kad_post_feature":"hide","_kad_post_feature_position":"","_kad_post_header":false,"_kad_post_footer":false,"_kad_post_classname":"","footnotes":""},"class_list":["post-1031","page","type-page","status-publish","hentry"],"yoast_head":"<!-- This site is optimized with the Yoast SEO plugin v27.3 - https:\/\/yoast.com\/product\/yoast-seo-wordpress\/ -->\n<title>D\u00e9couvrir Villers le Sec et ses alentours - Villers Le Sec<\/title>\n<meta name=\"description\" content=\"La ville de Villers le Sec est une commune fran\u00e7aise situ\u00e9e en Bourgogne dans le d\u00e9partement de la Haute-Sa\u00f4ne.\" \/>\n<meta name=\"robots\" content=\"index, follow, max-snippet:-1, max-image-preview:large, max-video-preview:-1\" \/>\n<link rel=\"canonical\" href=\"https:\/\/villerslesec70.fr\/index.php\/decouvrir-villers-le-sec\/\" \/>\n<meta property=\"og:locale\" content=\"fr_FR\" \/>\n<meta property=\"og:type\" content=\"article\" \/>\n<meta property=\"og:title\" content=\"D\u00e9couvrir Villers le Sec et ses alentours - Villers Le Sec\" \/>\n<meta property=\"og:description\" content=\"La ville de Villers le Sec est une commune fran\u00e7aise situ\u00e9e en Bourgogne dans le d\u00e9partement de la Haute-Sa\u00f4ne.\" \/>\n<meta property=\"og:url\" content=\"https:\/\/villerslesec70.fr\/index.php\/decouvrir-villers-le-sec\/\" \/>\n<meta property=\"og:site_name\" content=\"Villers Le Sec\" \/>\n<meta property=\"article:modified_time\" content=\"2024-12-22T17:13:22+00:00\" \/>\n<meta name=\"twitter:card\" content=\"summary_large_image\" \/>\n<meta name=\"twitter:label1\" content=\"Dur\u00e9e de lecture estim\u00e9e\" \/>\n\t<meta name=\"twitter:data1\" content=\"2 minutes\" \/>\n<script type=\"application\/ld+json\" class=\"yoast-schema-graph\">{\"@context\":\"https:\\\/\\\/schema.org\",\"@graph\":[{\"@type\":\"WebPage\",\"@id\":\"https:\\\/\\\/villerslesec70.fr\\\/index.php\\\/decouvrir-villers-le-sec\\\/\",\"url\":\"https:\\\/\\\/villerslesec70.fr\\\/index.php\\\/decouvrir-villers-le-sec\\\/\",\"name\":\"D\u00e9couvrir Villers le Sec et ses alentours - Villers Le Sec\",\"isPartOf\":{\"@id\":\"https:\\\/\\\/villerslesec70.fr\\\/#website\"},\"datePublished\":\"2024-01-16T16:21:45+00:00\",\"dateModified\":\"2024-12-22T17:13:22+00:00\",\"description\":\"La ville de Villers le Sec est une commune fran\u00e7aise situ\u00e9e en Bourgogne dans le d\u00e9partement de la Haute-Sa\u00f4ne.\",\"breadcrumb\":{\"@id\":\"https:\\\/\\\/villerslesec70.fr\\\/index.php\\\/decouvrir-villers-le-sec\\\/#breadcrumb\"},\"inLanguage\":\"fr-FR\",\"potentialAction\":[{\"@type\":\"ReadAction\",\"target\":[\"https:\\\/\\\/villerslesec70.fr\\\/index.php\\\/decouvrir-villers-le-sec\\\/\"]}]},{\"@type\":\"BreadcrumbList\",\"@id\":\"https:\\\/\\\/villerslesec70.fr\\\/index.php\\\/decouvrir-villers-le-sec\\\/#breadcrumb\",\"itemListElement\":[{\"@type\":\"ListItem\",\"position\":1,\"name\":\"Accueil\",\"item\":\"https:\\\/\\\/villerslesec70.fr\\\/\"},{\"@type\":\"ListItem\",\"position\":2,\"name\":\"D\u00e9couvrir Villers le Sec et ses alentours\"}]},{\"@type\":\"WebSite\",\"@id\":\"https:\\\/\\\/villerslesec70.fr\\\/#website\",\"url\":\"https:\\\/\\\/villerslesec70.fr\\\/\",\"name\":\"Villers Le Sec\",\"description\":\"Villers Le Sec\",\"publisher\":{\"@id\":\"https:\\\/\\\/villerslesec70.fr\\\/#organization\"},\"potentialAction\":[{\"@type\":\"SearchAction\",\"target\":{\"@type\":\"EntryPoint\",\"urlTemplate\":\"https:\\\/\\\/villerslesec70.fr\\\/?s={search_term_string}\"},\"query-input\":{\"@type\":\"PropertyValueSpecification\",\"valueRequired\":true,\"valueName\":\"search_term_string\"}}],\"inLanguage\":\"fr-FR\"},{\"@type\":\"Organization\",\"@id\":\"https:\\\/\\\/villerslesec70.fr\\\/#organization\",\"name\":\"Villers Le Sec\",\"url\":\"https:\\\/\\\/villerslesec70.fr\\\/\",\"logo\":{\"@type\":\"ImageObject\",\"inLanguage\":\"fr-FR\",\"@id\":\"https:\\\/\\\/villerslesec70.fr\\\/#\\\/schema\\\/logo\\\/image\\\/\",\"url\":\"https:\\\/\\\/villerslesec70.fr\\\/wp-content\\\/uploads\\\/2026\\\/04\\\/cropped-Blason_ville_fr_villers-le-sec_70.svg_.png\",\"contentUrl\":\"https:\\\/\\\/villerslesec70.fr\\\/wp-content\\\/uploads\\\/2026\\\/04\\\/cropped-Blason_ville_fr_villers-le-sec_70.svg_.png\",\"width\":1279,\"height\":1408,\"caption\":\"Villers Le Sec\"},\"image\":{\"@id\":\"https:\\\/\\\/villerslesec70.fr\\\/#\\\/schema\\\/logo\\\/image\\\/\"}}]}<\/script>\n<!-- \/ Yoast SEO plugin. -->","yoast_head_json":{"title":"D\u00e9couvrir Villers le Sec et ses alentours - Villers Le Sec","description":"La ville de Villers le Sec est une commune fran\u00e7aise situ\u00e9e en Bourgogne dans le d\u00e9partement de la Haute-Sa\u00f4ne.","robots":{"index":"index","follow":"follow","max-snippet":"max-snippet:-1","max-image-preview":"max-image-preview:large","max-video-preview":"max-video-preview:-1"},"canonical":"https:\/\/villerslesec70.fr\/index.php\/decouvrir-villers-le-sec\/","og_locale":"fr_FR","og_type":"article","og_title":"D\u00e9couvrir Villers le Sec et ses alentours - Villers Le Sec","og_description":"La ville de Villers le Sec est une commune fran\u00e7aise situ\u00e9e en Bourgogne dans le d\u00e9partement de la Haute-Sa\u00f4ne.","og_url":"https:\/\/villerslesec70.fr\/index.php\/decouvrir-villers-le-sec\/","og_site_name":"Villers Le Sec","article_modified_time":"2024-12-22T17:13:22+00:00","twitter_card":"summary_large_image","twitter_misc":{"Dur\u00e9e de lecture estim\u00e9e":"2 minutes"},"schema":{"@context":"https:\/\/schema.org","@graph":[{"@type":"WebPage","@id":"https:\/\/villerslesec70.fr\/index.php\/decouvrir-villers-le-sec\/","url":"https:\/\/villerslesec70.fr\/index.php\/decouvrir-villers-le-sec\/","name":"D\u00e9couvrir Villers le Sec et ses alentours - Villers Le Sec","isPartOf":{"@id":"https:\/\/villerslesec70.fr\/#website"},"datePublished":"2024-01-16T16:21:45+00:00","dateModified":"2024-12-22T17:13:22+00:00","description":"La ville de Villers le Sec est une commune fran\u00e7aise situ\u00e9e en Bourgogne dans le d\u00e9partement de la Haute-Sa\u00f4ne.","breadcrumb":{"@id":"https:\/\/villerslesec70.fr\/index.php\/decouvrir-villers-le-sec\/#breadcrumb"},"inLanguage":"fr-FR","potentialAction":[{"@type":"ReadAction","target":["https:\/\/villerslesec70.fr\/index.php\/decouvrir-villers-le-sec\/"]}]},{"@type":"BreadcrumbList","@id":"https:\/\/villerslesec70.fr\/index.php\/decouvrir-villers-le-sec\/#breadcrumb","itemListElement":[{"@type":"ListItem","position":1,"name":"Accueil","item":"https:\/\/villerslesec70.fr\/"},{"@type":"ListItem","position":2,"name":"D\u00e9couvrir Villers le Sec et ses alentours"}]},{"@type":"WebSite","@id":"https:\/\/villerslesec70.fr\/#website","url":"https:\/\/villerslesec70.fr\/","name":"Villers Le Sec","description":"Villers Le Sec","publisher":{"@id":"https:\/\/villerslesec70.fr\/#organization"},"potentialAction":[{"@type":"SearchAction","target":{"@type":"EntryPoint","urlTemplate":"https:\/\/villerslesec70.fr\/?s={search_term_string}"},"query-input":{"@type":"PropertyValueSpecification","valueRequired":true,"valueName":"search_term_string"}}],"inLanguage":"fr-FR"},{"@type":"Organization","@id":"https:\/\/villerslesec70.fr\/#organization","name":"Villers Le Sec","url":"https:\/\/villerslesec70.fr\/","logo":{"@type":"ImageObject","inLanguage":"fr-FR","@id":"https:\/\/villerslesec70.fr\/#\/schema\/logo\/image\/","url":"https:\/\/villerslesec70.fr\/wp-content\/uploads\/2026\/04\/cropped-Blason_ville_fr_villers-le-sec_70.svg_.png","contentUrl":"https:\/\/villerslesec70.fr\/wp-content\/uploads\/2026\/04\/cropped-Blason_ville_fr_villers-le-sec_70.svg_.png","width":1279,"height":1408,"caption":"Villers Le Sec"},"image":{"@id":"https:\/\/villerslesec70.fr\/#\/schema\/logo\/image\/"}}]}},"jetpack_sharing_enabled":true,"_links":{"self":[{"href":"https:\/\/villerslesec70.fr\/index.php\/wp-json\/wp\/v2\/pages\/1031","targetHints":{"allow":["GET"]}}],"collection":[{"href":"https:\/\/villerslesec70.fr\/index.php\/wp-json\/wp\/v2\/pages"}],"about":[{"href":"https:\/\/villerslesec70.fr\/index.php\/wp-json\/wp\/v2\/types\/page"}],"author":[{"embeddable":true,"href":"https:\/\/villerslesec70.fr\/index.php\/wp-json\/wp\/v2\/users\/1"}],"replies":[{"embeddable":true,"href":"https:\/\/villerslesec70.fr\/index.php\/wp-json\/wp\/v2\/comments?post=1031"}],"version-history":[{"count":0,"href":"https:\/\/villerslesec70.fr\/index.php\/wp-json\/wp\/v2\/pages\/1031\/revisions"}],"wp:attachment":[{"href":"https:\/\/villerslesec70.fr\/index.php\/wp-json\/wp\/v2\/media?parent=1031"}],"curies":[{"name":"wp","href":"https:\/\/api.w.org\/{rel}","templated":true}]}}